{"id":3822,"date":"2025-07-15T21:45:24","date_gmt":"2025-07-15T21:45:24","guid":{"rendered":"https:\/\/asociacionutzche.org\/?page_id=3822"},"modified":"2025-07-15T21:46:36","modified_gmt":"2025-07-15T21:46:36","slug":"cooperativa-eco-alianza","status":"publish","type":"page","link":"https:\/\/asociacionutzche.org\/en\/cooperativa-eco-alianza\/","title":{"rendered":"Cooperativa Integral de Comercializacio\u0301n ECO ALIANZA"},"content":{"rendered":"<p><span style=\"font-size: 12pt;\">La Cooperativa Integral de Comercializaci\u00f3n ECOALIANZA es una entidad ubicada en la Comunidad Nueva Alianza, El Palmar, Quetzaltenango. Se dedica a la comercializaci\u00f3n de productos reciclados y terminados. Como cooperativa integral, busca integrar diversos aspectos de la vida econ\u00f3mica y social bajo criterios comunitarios y colaborativos.<\/span><\/p>","protected":false},"excerpt":{"rendered":"<p>La Cooperativa Integral de Comercializaci\u00f3n ECOALIANZA es una entidad ubicada en la Comunidad Nueva Alianza, El Palmar, Quetzaltenango. Se dedica a la comercializaci\u00f3n de productos reciclados y terminados. Como cooperativa integral, busca integrar diversos aspectos de la vida econ\u00f3mica y social bajo criterios comunitarios y colaborativos.<\/p>","protected":false},"author":9,"featured_media":0,"parent":0,"menu_order":0,"comment_status":"closed","ping_status":"closed","template":"","meta":{"_bbp_topic_count":0,"_bbp_reply_count":0,"_bbp_total_topic_count":0,"_bbp_total_reply_count":0,"_bbp_voice_count":0,"_bbp_anonymous_reply_count":0,"_bbp_topic_count_hidden":0,"_bbp_reply_count_hidden":0,"_bbp_forum_subforum_count":0,"footnotes":""},"class_list":["post-3822","page","type-page","status-publish","hentry"],"yoast_head":"<!-- This site is optimized with the Yoast SEO plugin v27.5 - https:\/\/yoast.com\/product\/yoast-seo-wordpress\/ -->\n<title>Cooperativa Integral de Comercializacio\u0301n ECO ALIANZA - Asociaci\u00f3n Utz Che&#039;<\/title>\n<meta name=\"description\" content=\"Cooperativa ubicadada El Palmar, Quetzaltenango. Se dedica a la comercializaci\u00f3n de productos reciclados con gesti\u00f3n comunitaria.\" \/>\n<meta name=\"robots\" content=\"index, follow, max-snippet:-1, max-image-preview:large, max-video-preview:-1\" \/>\n<link rel=\"canonical\" href=\"https:\/\/asociacionutzche.org\/en\/cooperativa-eco-alianza\/\" \/>\n<meta property=\"og:locale\" content=\"en_US\" \/>\n<meta property=\"og:type\" content=\"article\" \/>\n<meta property=\"og:title\" content=\"Cooperativa Integral de Comercializacio\u0301n ECO ALIANZA - Asociaci\u00f3n Utz Che&#039;\" \/>\n<meta property=\"og:description\" content=\"Cooperativa ubicadada El Palmar, Quetzaltenango. Se dedica a la comercializaci\u00f3n de productos reciclados con gesti\u00f3n comunitaria.\" \/>\n<meta property=\"og:url\" content=\"https:\/\/asociacionutzche.org\/en\/cooperativa-eco-alianza\/\" \/>\n<meta property=\"og:site_name\" content=\"Asociaci\u00f3n Utz Che&#039;\" \/>\n<meta property=\"article:modified_time\" content=\"2025-07-15T21:46:36+00:00\" \/>\n<meta name=\"twitter:card\" content=\"summary_large_image\" \/>\n<meta name=\"twitter:label1\" content=\"Est. reading time\" \/>\n\t<meta name=\"twitter:data1\" content=\"1 minute\" \/>\n<script type=\"application\/ld+json\" class=\"yoast-schema-graph\">{\"@context\":\"https:\\\/\\\/schema.org\",\"@graph\":[{\"@type\":\"WebPage\",\"@id\":\"https:\\\/\\\/asociacionutzche.org\\\/cooperativa-eco-alianza\\\/\",\"url\":\"https:\\\/\\\/asociacionutzche.org\\\/cooperativa-eco-alianza\\\/\",\"name\":\"Cooperativa Integral de Comercializacio\u0301n ECO ALIANZA - Asociaci\u00f3n Utz Che&#039;\",\"isPartOf\":{\"@id\":\"https:\\\/\\\/asociacionutzche.org\\\/#website\"},\"datePublished\":\"2025-07-15T21:45:24+00:00\",\"dateModified\":\"2025-07-15T21:46:36+00:00\",\"description\":\"Cooperativa ubicadada El Palmar, Quetzaltenango. Se dedica a la comercializaci\u00f3n de productos reciclados con gesti\u00f3n comunitaria.\",\"breadcrumb\":{\"@id\":\"https:\\\/\\\/asociacionutzche.org\\\/cooperativa-eco-alianza\\\/#breadcrumb\"},\"inLanguage\":\"en-US\",\"potentialAction\":[{\"@type\":\"ReadAction\",\"target\":[\"https:\\\/\\\/asociacionutzche.org\\\/cooperativa-eco-alianza\\\/\"]}]},{\"@type\":\"BreadcrumbList\",\"@id\":\"https:\\\/\\\/asociacionutzche.org\\\/cooperativa-eco-alianza\\\/#breadcrumb\",\"itemListElement\":[{\"@type\":\"ListItem\",\"position\":1,\"name\":\"Portada\",\"item\":\"https:\\\/\\\/asociacionutzche.org\\\/\"},{\"@type\":\"ListItem\",\"position\":2,\"name\":\"Cooperativa Integral de Comercializacio\u0301n ECO ALIANZA\"}]},{\"@type\":\"WebSite\",\"@id\":\"https:\\\/\\\/asociacionutzche.org\\\/#website\",\"url\":\"https:\\\/\\\/asociacionutzche.org\\\/\",\"name\":\"Asociaci\u00f3n Utz Che'\",\"description\":\"Asociaci\u00f3n de Forester\u00eda Comunitaria de Guatemala Utz Che&#039;\",\"publisher\":{\"@id\":\"https:\\\/\\\/asociacionutzche.org\\\/#organization\"},\"potentialAction\":[{\"@type\":\"SearchAction\",\"target\":{\"@type\":\"EntryPoint\",\"urlTemplate\":\"https:\\\/\\\/asociacionutzche.org\\\/?s={search_term_string}\"},\"query-input\":{\"@type\":\"PropertyValueSpecification\",\"valueRequired\":true,\"valueName\":\"search_term_string\"}}],\"inLanguage\":\"en-US\"},{\"@type\":\"Organization\",\"@id\":\"https:\\\/\\\/asociacionutzche.org\\\/#organization\",\"name\":\"Asociaci\u00f3n Utz Che'\",\"url\":\"https:\\\/\\\/asociacionutzche.org\\\/\",\"logo\":{\"@type\":\"ImageObject\",\"inLanguage\":\"en-US\",\"@id\":\"https:\\\/\\\/asociacionutzche.org\\\/#\\\/schema\\\/logo\\\/image\\\/\",\"url\":\"https:\\\/\\\/asociacionutzche.org\\\/wp-content\\\/uploads\\\/2013\\\/11\\\/logo_footer.png\",\"contentUrl\":\"https:\\\/\\\/asociacionutzche.org\\\/wp-content\\\/uploads\\\/2013\\\/11\\\/logo_footer.png\",\"width\":200,\"height\":76,\"caption\":\"Asociaci\u00f3n Utz Che'\"},\"image\":{\"@id\":\"https:\\\/\\\/asociacionutzche.org\\\/#\\\/schema\\\/logo\\\/image\\\/\"}}]}<\/script>\n<!-- \/ Yoast SEO plugin. -->","yoast_head_json":{"title":"Cooperativa Integral de Comercializacio\u0301n ECO ALIANZA - Asociaci\u00f3n Utz Che&#039;","description":"Cooperativa ubicadada El Palmar, Quetzaltenango. Se dedica a la comercializaci\u00f3n de productos reciclados con gesti\u00f3n comunitaria.","robots":{"index":"index","follow":"follow","max-snippet":"max-snippet:-1","max-image-preview":"max-image-preview:large","max-video-preview":"max-video-preview:-1"},"canonical":"https:\/\/asociacionutzche.org\/en\/cooperativa-eco-alianza\/","og_locale":"en_US","og_type":"article","og_title":"Cooperativa Integral de Comercializacio\u0301n ECO ALIANZA - Asociaci\u00f3n Utz Che&#039;","og_description":"Cooperativa ubicadada El Palmar, Quetzaltenango. Se dedica a la comercializaci\u00f3n de productos reciclados con gesti\u00f3n comunitaria.","og_url":"https:\/\/asociacionutzche.org\/en\/cooperativa-eco-alianza\/","og_site_name":"Asociaci\u00f3n Utz Che&#039;","article_modified_time":"2025-07-15T21:46:36+00:00","twitter_card":"summary_large_image","twitter_misc":{"Est. reading time":"1 minute"},"schema":{"@context":"https:\/\/schema.org","@graph":[{"@type":"WebPage","@id":"https:\/\/asociacionutzche.org\/cooperativa-eco-alianza\/","url":"https:\/\/asociacionutzche.org\/cooperativa-eco-alianza\/","name":"Cooperativa Integral de Comercializacio\u0301n ECO ALIANZA - Asociaci\u00f3n Utz Che&#039;","isPartOf":{"@id":"https:\/\/asociacionutzche.org\/#website"},"datePublished":"2025-07-15T21:45:24+00:00","dateModified":"2025-07-15T21:46:36+00:00","description":"Cooperativa ubicadada El Palmar, Quetzaltenango. Se dedica a la comercializaci\u00f3n de productos reciclados con gesti\u00f3n comunitaria.","breadcrumb":{"@id":"https:\/\/asociacionutzche.org\/cooperativa-eco-alianza\/#breadcrumb"},"inLanguage":"en-US","potentialAction":[{"@type":"ReadAction","target":["https:\/\/asociacionutzche.org\/cooperativa-eco-alianza\/"]}]},{"@type":"BreadcrumbList","@id":"https:\/\/asociacionutzche.org\/cooperativa-eco-alianza\/#breadcrumb","itemListElement":[{"@type":"ListItem","position":1,"name":"Portada","item":"https:\/\/asociacionutzche.org\/"},{"@type":"ListItem","position":2,"name":"Cooperativa Integral de Comercializacio\u0301n ECO ALIANZA"}]},{"@type":"WebSite","@id":"https:\/\/asociacionutzche.org\/#website","url":"https:\/\/asociacionutzche.org\/","name":"Asociaci\u00f3n Utz Che'","description":"Asociaci\u00f3n de Forester\u00eda Comunitaria de Guatemala Utz Che&#039;","publisher":{"@id":"https:\/\/asociacionutzche.org\/#organization"},"potentialAction":[{"@type":"SearchAction","target":{"@type":"EntryPoint","urlTemplate":"https:\/\/asociacionutzche.org\/?s={search_term_string}"},"query-input":{"@type":"PropertyValueSpecification","valueRequired":true,"valueName":"search_term_string"}}],"inLanguage":"en-US"},{"@type":"Organization","@id":"https:\/\/asociacionutzche.org\/#organization","name":"Asociaci\u00f3n Utz Che'","url":"https:\/\/asociacionutzche.org\/","logo":{"@type":"ImageObject","inLanguage":"en-US","@id":"https:\/\/asociacionutzche.org\/#\/schema\/logo\/image\/","url":"https:\/\/asociacionutzche.org\/wp-content\/uploads\/2013\/11\/logo_footer.png","contentUrl":"https:\/\/asociacionutzche.org\/wp-content\/uploads\/2013\/11\/logo_footer.png","width":200,"height":76,"caption":"Asociaci\u00f3n Utz Che'"},"image":{"@id":"https:\/\/asociacionutzche.org\/#\/schema\/logo\/image\/"}}]}},"_links":{"self":[{"href":"https:\/\/asociacionutzche.org\/en\/wp-json\/wp\/v2\/pages\/3822","targetHints":{"allow":["GET"]}}],"collection":[{"href":"https:\/\/asociacionutzche.org\/en\/wp-json\/wp\/v2\/pages"}],"about":[{"href":"https:\/\/asociacionutzche.org\/en\/wp-json\/wp\/v2\/types\/page"}],"author":[{"embeddable":true,"href":"https:\/\/asociacionutzche.org\/en\/wp-json\/wp\/v2\/users\/9"}],"replies":[{"embeddable":true,"href":"https:\/\/asociacionutzche.org\/en\/wp-json\/wp\/v2\/comments?post=3822"}],"version-history":[{"count":2,"href":"https:\/\/asociacionutzche.org\/en\/wp-json\/wp\/v2\/pages\/3822\/revisions"}],"predecessor-version":[{"id":3824,"href":"https:\/\/asociacionutzche.org\/en\/wp-json\/wp\/v2\/pages\/3822\/revisions\/3824"}],"wp:attachment":[{"href":"https:\/\/asociacionutzche.org\/en\/wp-json\/wp\/v2\/media?parent=3822"}],"curies":[{"name":"wp","href":"https:\/\/api.w.org\/{rel}","templated":true}]}}

<p><span style="font-size: 12pt;">La Cooperativa Integral de Comercialización ECOALIANZA es una entidad ubicada en la Comunidad Nueva Alianza, El Palmar, Quetzaltenango. Se dedica a la comercialización de productos reciclados y terminados. Como cooperativa integral, busca integrar diversos aspectos de la vida económica y social bajo criterios comunitarios y colaborativos.</span></p>

<p>La Cooperativa Integral de Comercialización ECOALIANZA es una entidad ubicada en la Comunidad Nueva Alianza, El Palmar, Quetzaltenango. Se dedica a la comercialización de productos reciclados y terminados. Como cooperativa integral, busca integrar diversos aspectos de la vida económica y social bajo criterios comunitarios y colaborativos.</p>

<!-- This site is optimized with the Yoast SEO plugin v27.5 - https://yoast.com/product/yoast-seo-wordpress/ -->
<title>Cooperativa Integral de Comercialización ECO ALIANZA - Asociación Utz Che&#039;</title>
<meta name="description" content="Cooperativa ubicadada El Palmar, Quetzaltenango. Se dedica a la comercialización de productos reciclados con gestión comunitaria." />
<meta name="robots" content="index, follow, max-snippet:-1, max-image-preview:large, max-video-preview:-1" />
<link rel="canonical" href="https://asociacionutzche.org/en/cooperativa-eco-alianza/" />
<meta property="og:locale" content="en_US" />
<meta property="og:type" content="article" />
<meta property="og:title" content="Cooperativa Integral de Comercialización ECO ALIANZA - Asociación Utz Che&#039;" />
<meta property="og:description" content="Cooperativa ubicadada El Palmar, Quetzaltenango. Se dedica a la comercialización de productos reciclados con gestión comunitaria." />
<meta property="og:url" content="https://asociacionutzche.org/en/cooperativa-eco-alianza/" />
<meta property="og:site_name" content="Asociación Utz Che&#039;" />
<meta property="article:modified_time" content="2025-07-15T21:46:36+00:00" />
<meta name="twitter:card" content="summary_large_image" />
<meta name="twitter:label1" content="Est. reading time" />
	<meta name="twitter:data1" content="1 minute" />
<script type="application/ld+json" class="yoast-schema-graph">{"@context":"https:\/\/schema.org","@graph":[{"@type":"WebPage","@id":"https:\/\/asociacionutzche.org\/cooperativa-eco-alianza\/","url":"https:\/\/asociacionutzche.org\/cooperativa-eco-alianza\/","name":"Cooperativa Integral de Comercialización ECO ALIANZA - Asociación Utz Che&#039;","isPartOf":{"@id":"https:\/\/asociacionutzche.org\/#website"},"datePublished":"2025-07-15T21:45:24+00:00","dateModified":"2025-07-15T21:46:36+00:00","description":"Cooperativa ubicadada El Palmar, Quetzaltenango. Se dedica a la comercialización de productos reciclados con gestión comunitaria.","breadcrumb":{"@id":"https:\/\/asociacionutzche.org\/cooperativa-eco-alianza\/#breadcrumb"},"inLanguage":"en-US","potentialAction":[{"@type":"ReadAction","target":["https:\/\/asociacionutzche.org\/cooperativa-eco-alianza\/"]}]},{"@type":"BreadcrumbList","@id":"https:\/\/asociacionutzche.org\/cooperativa-eco-alianza\/#breadcrumb","itemListElement":[{"@type":"ListItem","position":1,"name":"Portada","item":"https:\/\/asociacionutzche.org\/"},{"@type":"ListItem","position":2,"name":"Cooperativa Integral de Comercialización ECO ALIANZA"}]},{"@type":"WebSite","@id":"https:\/\/asociacionutzche.org\/#website","url":"https:\/\/asociacionutzche.org\/","name":"Asociación Utz Che'","description":"Asociación de Forestería Comunitaria de Guatemala Utz Che&#039;","publisher":{"@id":"https:\/\/asociacionutzche.org\/#organization"},"potentialAction":[{"@type":"SearchAction","target":{"@type":"EntryPoint","urlTemplate":"https:\/\/asociacionutzche.org\/?s={search_term_string}"},"query-input":{"@type":"PropertyValueSpecification","valueRequired":true,"valueName":"search_term_string"}}],"inLanguage":"en-US"},{"@type":"Organization","@id":"https:\/\/asociacionutzche.org\/#organization","name":"Asociación Utz Che'","url":"https:\/\/asociacionutzche.org\/","logo":{"@type":"ImageObject","inLanguage":"en-US","@id":"https:\/\/asociacionutzche.org\/#\/schema\/logo\/image\/","url":"https:\/\/asociacionutzche.org\/wp-content\/uploads\/2013\/11\/logo_footer.png","contentUrl":"https:\/\/asociacionutzche.org\/wp-content\/uploads\/2013\/11\/logo_footer.png","width":200,"height":76,"caption":"Asociación Utz Che'"},"image":{"@id":"https:\/\/asociacionutzche.org\/#\/schema\/logo\/image\/"}}]}</script>
<!-- / Yoast SEO plugin. -->

Cooperativa Integral de Comercialización ECO ALIANZA - Asociación Utz Che&#039;

Cooperativa ubicadada El Palmar, Quetzaltenango. Se dedica a la comercialización de productos reciclados con gestión comunitaria.

Asociación Utz Che&#039;

Asociación Utz Che'

Asociación de Forestería Comunitaria de Guatemala Utz Che&#039;
