{"id":3340,"date":"2020-09-15T09:43:51","date_gmt":"2020-09-15T09:43:51","guid":{"rendered":"https:\/\/asociacionutzche.org\/?page_id=3340"},"modified":"2020-09-29T04:49:13","modified_gmt":"2020-09-29T04:49:13","slug":"empresa-campesina-asociativa-nuevo-todos-santos","status":"publish","type":"page","link":"https:\/\/asociacionutzche.org\/en\/empresa-campesina-asociativa-nuevo-todos-santos\/","title":{"rendered":"Empresa Campesina Asociativa Nuevo Todos Santos"},"content":{"rendered":"<div class=\"wpb-content-wrapper\"><div class=\"vc_row wpb_row vc_row-fluid\" style=\"color: ;}\" ><div class=\"wpb_column vc_column_container vc_col-sm-12\"><div class=\"vc_column-inner\"><div class=\"wpb_wrapper\">\n\t<div class=\"wpb_text_column wpb_content_element\" >\n\t\t<div class=\"wpb_wrapper\">\n\t\t\t<p><span style=\"font-size: 12pt;\">Ubicada Finca Pretoria, Guanagazapa Escuintla, Nuevo Todos Santos es una comunidad formada por\u00a0 familias de origen maya Mam, originarias de Todos Santos Cuchumat\u00e1n. Quienes se asentaron en la finca Pretorio en el a\u00f1o\u00a0 2001, finca de vocaci\u00f3n cafetalera\u00a0 cuyos propietarios eran familias alemanas. Actualmente la comunidad cuenta con una extensi\u00f3n territorial de 10 caballer\u00edas administrada por 47 familias, las cuales adquirieron la finca bajo un fideicomiso a trav\u00e9s del fondo de Tierra.\u00a0 La mayor\u00eda de sus asociados mantienen y conservan su\u00a0 idioma, vestuario, alimentaci\u00f3n y formar propias de organizaci\u00f3n.\u00a0<\/span><\/p>\n<p><span style=\"font-size: 12pt;\">La mayor\u00eda de las familias\u00a0 se dedican a la producci\u00f3n\u00a0 de granos b\u00e1sicos, administran un bosque de manera colectiva, mediante ronda corta fuego, y control de incendios, siendo estas actividades de car\u00e1cter ad honorem.<\/span><\/p>\n\n\t\t<\/div>\n\t<\/div>\n<\/div><\/div><\/div><\/div>\n<\/div>","protected":false},"excerpt":{"rendered":"Ubicada Finca Pretoria, Guanagazapa Escuintla, Nuevo Todos Santos es una comunidad formada por\u00a0 familias de origen maya Mam, originarias de Todos Santos Cuchumat\u00e1n. Quienes se asentaron en la finca Pretorio en el a\u00f1o\u00a0 2001, finca de vocaci\u00f3n cafetalera\u00a0 cuyos propietarios eran familias alemanas. Actualmente la comunidad cuenta con una extensi\u00f3n territorial de 10 caballer\u00edas administrada [...]","protected":false},"author":1,"featured_media":0,"parent":0,"menu_order":0,"comment_status":"closed","ping_status":"closed","template":"","meta":{"_bbp_topic_count":0,"_bbp_reply_count":0,"_bbp_total_topic_count":0,"_bbp_total_reply_count":0,"_bbp_voice_count":0,"_bbp_anonymous_reply_count":0,"_bbp_topic_count_hidden":0,"_bbp_reply_count_hidden":0,"_bbp_forum_subforum_count":0,"footnotes":""},"class_list":["post-3340","page","type-page","status-publish","hentry"],"yoast_head":"<!-- This site is optimized with the Yoast SEO plugin v27.4 - https:\/\/yoast.com\/product\/yoast-seo-wordpress\/ -->\n<title>Empresa Campesina Asociativa Nuevo Todos Santos - Asociaci\u00f3n Utz Che&#039;<\/title>\n<meta name=\"robots\" content=\"index, follow, max-snippet:-1, max-image-preview:large, max-video-preview:-1\" \/>\n<link rel=\"canonical\" href=\"https:\/\/asociacionutzche.org\/en\/empresa-campesina-asociativa-nuevo-todos-santos\/\" \/>\n<meta property=\"og:locale\" content=\"en_US\" \/>\n<meta property=\"og:type\" content=\"article\" \/>\n<meta property=\"og:title\" content=\"Empresa Campesina Asociativa Nuevo Todos Santos - Asociaci\u00f3n Utz Che&#039;\" \/>\n<meta property=\"og:url\" content=\"https:\/\/asociacionutzche.org\/en\/empresa-campesina-asociativa-nuevo-todos-santos\/\" \/>\n<meta property=\"og:site_name\" content=\"Asociaci\u00f3n Utz Che&#039;\" \/>\n<meta property=\"article:modified_time\" content=\"2020-09-29T04:49:13+00:00\" \/>\n<meta name=\"twitter:card\" content=\"summary_large_image\" \/>\n<meta name=\"twitter:label1\" content=\"Est. reading time\" \/>\n\t<meta name=\"twitter:data1\" content=\"1 minute\" \/>\n<script type=\"application\/ld+json\" class=\"yoast-schema-graph\">{\"@context\":\"https:\\\/\\\/schema.org\",\"@graph\":[{\"@type\":\"WebPage\",\"@id\":\"https:\\\/\\\/asociacionutzche.org\\\/empresa-campesina-asociativa-nuevo-todos-santos\\\/\",\"url\":\"https:\\\/\\\/asociacionutzche.org\\\/empresa-campesina-asociativa-nuevo-todos-santos\\\/\",\"name\":\"Empresa Campesina Asociativa Nuevo Todos Santos - Asociaci\u00f3n Utz Che&#039;\",\"isPartOf\":{\"@id\":\"https:\\\/\\\/asociacionutzche.org\\\/#website\"},\"datePublished\":\"2020-09-15T09:43:51+00:00\",\"dateModified\":\"2020-09-29T04:49:13+00:00\",\"breadcrumb\":{\"@id\":\"https:\\\/\\\/asociacionutzche.org\\\/empresa-campesina-asociativa-nuevo-todos-santos\\\/#breadcrumb\"},\"inLanguage\":\"en-US\",\"potentialAction\":[{\"@type\":\"ReadAction\",\"target\":[\"https:\\\/\\\/asociacionutzche.org\\\/empresa-campesina-asociativa-nuevo-todos-santos\\\/\"]}]},{\"@type\":\"BreadcrumbList\",\"@id\":\"https:\\\/\\\/asociacionutzche.org\\\/empresa-campesina-asociativa-nuevo-todos-santos\\\/#breadcrumb\",\"itemListElement\":[{\"@type\":\"ListItem\",\"position\":1,\"name\":\"Portada\",\"item\":\"https:\\\/\\\/asociacionutzche.org\\\/\"},{\"@type\":\"ListItem\",\"position\":2,\"name\":\"Empresa Campesina Asociativa Nuevo Todos Santos\"}]},{\"@type\":\"WebSite\",\"@id\":\"https:\\\/\\\/asociacionutzche.org\\\/#website\",\"url\":\"https:\\\/\\\/asociacionutzche.org\\\/\",\"name\":\"Asociaci\u00f3n Utz Che'\",\"description\":\"Asociaci\u00f3n de Forester\u00eda Comunitaria de Guatemala Utz Che&#039;\",\"publisher\":{\"@id\":\"https:\\\/\\\/asociacionutzche.org\\\/#organization\"},\"potentialAction\":[{\"@type\":\"SearchAction\",\"target\":{\"@type\":\"EntryPoint\",\"urlTemplate\":\"https:\\\/\\\/asociacionutzche.org\\\/?s={search_term_string}\"},\"query-input\":{\"@type\":\"PropertyValueSpecification\",\"valueRequired\":true,\"valueName\":\"search_term_string\"}}],\"inLanguage\":\"en-US\"},{\"@type\":\"Organization\",\"@id\":\"https:\\\/\\\/asociacionutzche.org\\\/#organization\",\"name\":\"Asociaci\u00f3n Utz Che'\",\"url\":\"https:\\\/\\\/asociacionutzche.org\\\/\",\"logo\":{\"@type\":\"ImageObject\",\"inLanguage\":\"en-US\",\"@id\":\"https:\\\/\\\/asociacionutzche.org\\\/#\\\/schema\\\/logo\\\/image\\\/\",\"url\":\"https:\\\/\\\/asociacionutzche.org\\\/wp-content\\\/uploads\\\/2013\\\/11\\\/logo_footer.png\",\"contentUrl\":\"https:\\\/\\\/asociacionutzche.org\\\/wp-content\\\/uploads\\\/2013\\\/11\\\/logo_footer.png\",\"width\":200,\"height\":76,\"caption\":\"Asociaci\u00f3n Utz Che'\"},\"image\":{\"@id\":\"https:\\\/\\\/asociacionutzche.org\\\/#\\\/schema\\\/logo\\\/image\\\/\"}}]}<\/script>\n<!-- \/ Yoast SEO plugin. -->","yoast_head_json":{"title":"Empresa Campesina Asociativa Nuevo Todos Santos - Asociaci\u00f3n Utz Che&#039;","robots":{"index":"index","follow":"follow","max-snippet":"max-snippet:-1","max-image-preview":"max-image-preview:large","max-video-preview":"max-video-preview:-1"},"canonical":"https:\/\/asociacionutzche.org\/en\/empresa-campesina-asociativa-nuevo-todos-santos\/","og_locale":"en_US","og_type":"article","og_title":"Empresa Campesina Asociativa Nuevo Todos Santos - Asociaci\u00f3n Utz Che&#039;","og_url":"https:\/\/asociacionutzche.org\/en\/empresa-campesina-asociativa-nuevo-todos-santos\/","og_site_name":"Asociaci\u00f3n Utz Che&#039;","article_modified_time":"2020-09-29T04:49:13+00:00","twitter_card":"summary_large_image","twitter_misc":{"Est. reading time":"1 minute"},"schema":{"@context":"https:\/\/schema.org","@graph":[{"@type":"WebPage","@id":"https:\/\/asociacionutzche.org\/empresa-campesina-asociativa-nuevo-todos-santos\/","url":"https:\/\/asociacionutzche.org\/empresa-campesina-asociativa-nuevo-todos-santos\/","name":"Empresa Campesina Asociativa Nuevo Todos Santos - Asociaci\u00f3n Utz Che&#039;","isPartOf":{"@id":"https:\/\/asociacionutzche.org\/#website"},"datePublished":"2020-09-15T09:43:51+00:00","dateModified":"2020-09-29T04:49:13+00:00","breadcrumb":{"@id":"https:\/\/asociacionutzche.org\/empresa-campesina-asociativa-nuevo-todos-santos\/#breadcrumb"},"inLanguage":"en-US","potentialAction":[{"@type":"ReadAction","target":["https:\/\/asociacionutzche.org\/empresa-campesina-asociativa-nuevo-todos-santos\/"]}]},{"@type":"BreadcrumbList","@id":"https:\/\/asociacionutzche.org\/empresa-campesina-asociativa-nuevo-todos-santos\/#breadcrumb","itemListElement":[{"@type":"ListItem","position":1,"name":"Portada","item":"https:\/\/asociacionutzche.org\/"},{"@type":"ListItem","position":2,"name":"Empresa Campesina Asociativa Nuevo Todos Santos"}]},{"@type":"WebSite","@id":"https:\/\/asociacionutzche.org\/#website","url":"https:\/\/asociacionutzche.org\/","name":"Asociaci\u00f3n Utz Che'","description":"Asociaci\u00f3n de Forester\u00eda Comunitaria de Guatemala Utz Che&#039;","publisher":{"@id":"https:\/\/asociacionutzche.org\/#organization"},"potentialAction":[{"@type":"SearchAction","target":{"@type":"EntryPoint","urlTemplate":"https:\/\/asociacionutzche.org\/?s={search_term_string}"},"query-input":{"@type":"PropertyValueSpecification","valueRequired":true,"valueName":"search_term_string"}}],"inLanguage":"en-US"},{"@type":"Organization","@id":"https:\/\/asociacionutzche.org\/#organization","name":"Asociaci\u00f3n Utz Che'","url":"https:\/\/asociacionutzche.org\/","logo":{"@type":"ImageObject","inLanguage":"en-US","@id":"https:\/\/asociacionutzche.org\/#\/schema\/logo\/image\/","url":"https:\/\/asociacionutzche.org\/wp-content\/uploads\/2013\/11\/logo_footer.png","contentUrl":"https:\/\/asociacionutzche.org\/wp-content\/uploads\/2013\/11\/logo_footer.png","width":200,"height":76,"caption":"Asociaci\u00f3n Utz Che'"},"image":{"@id":"https:\/\/asociacionutzche.org\/#\/schema\/logo\/image\/"}}]}},"_links":{"self":[{"href":"https:\/\/asociacionutzche.org\/en\/wp-json\/wp\/v2\/pages\/3340","targetHints":{"allow":["GET"]}}],"collection":[{"href":"https:\/\/asociacionutzche.org\/en\/wp-json\/wp\/v2\/pages"}],"about":[{"href":"https:\/\/asociacionutzche.org\/en\/wp-json\/wp\/v2\/types\/page"}],"author":[{"embeddable":true,"href":"https:\/\/asociacionutzche.org\/en\/wp-json\/wp\/v2\/users\/1"}],"replies":[{"embeddable":true,"href":"https:\/\/asociacionutzche.org\/en\/wp-json\/wp\/v2\/comments?post=3340"}],"version-history":[{"count":3,"href":"https:\/\/asociacionutzche.org\/en\/wp-json\/wp\/v2\/pages\/3340\/revisions"}],"predecessor-version":[{"id":3466,"href":"https:\/\/asociacionutzche.org\/en\/wp-json\/wp\/v2\/pages\/3340\/revisions\/3466"}],"wp:attachment":[{"href":"https:\/\/asociacionutzche.org\/en\/wp-json\/wp\/v2\/media?parent=3340"}],"curies":[{"name":"wp","href":"https:\/\/api.w.org\/{rel}","templated":true}]}}

<div class="wpb-content-wrapper"><div class="vc_row wpb_row vc_row-fluid" style="color: ;}" ><div class="wpb_column vc_column_container vc_col-sm-12"><div class="vc_column-inner"><div class="wpb_wrapper">
	<div class="wpb_text_column wpb_content_element" >
		<div class="wpb_wrapper">
			<p><span style="font-size: 12pt;">Ubicada Finca Pretoria, Guanagazapa Escuintla, Nuevo Todos Santos es una comunidad formada por  familias de origen maya Mam, originarias de Todos Santos Cuchumatán. Quienes se asentaron en la finca Pretorio en el año  2001, finca de vocación cafetalera  cuyos propietarios eran familias alemanas. Actualmente la comunidad cuenta con una extensión territorial de 10 caballerías administrada por 47 familias, las cuales adquirieron la finca bajo un fideicomiso a través del fondo de Tierra.  La mayoría de sus asociados mantienen y conservan su  idioma, vestuario, alimentación y formar propias de organización. </span></p>
<p><span style="font-size: 12pt;">La mayoría de las familias  se dedican a la producción  de granos básicos, administran un bosque de manera colectiva, mediante ronda corta fuego, y control de incendios, siendo estas actividades de carácter ad honorem.</span></p>

		</div>
	</div>
</div></div></div></div>
</div>

Ubicada Finca Pretoria, Guanagazapa Escuintla, Nuevo Todos Santos es una comunidad formada por  familias de origen maya Mam, originarias de Todos Santos Cuchumatán. Quienes se asentaron en la finca Pretorio en el año  2001, finca de vocación cafetalera  cuyos propietarios eran familias alemanas. Actualmente la comunidad cuenta con una extensión territorial de 10 caballerías administrada [...]

<!-- This site is optimized with the Yoast SEO plugin v27.4 - https://yoast.com/product/yoast-seo-wordpress/ -->
<title>Empresa Campesina Asociativa Nuevo Todos Santos - Asociación Utz Che&#039;</title>
<meta name="robots" content="index, follow, max-snippet:-1, max-image-preview:large, max-video-preview:-1" />
<link rel="canonical" href="https://asociacionutzche.org/en/empresa-campesina-asociativa-nuevo-todos-santos/" />
<meta property="og:locale" content="en_US" />
<meta property="og:type" content="article" />
<meta property="og:title" content="Empresa Campesina Asociativa Nuevo Todos Santos - Asociación Utz Che&#039;" />
<meta property="og:url" content="https://asociacionutzche.org/en/empresa-campesina-asociativa-nuevo-todos-santos/" />
<meta property="og:site_name" content="Asociación Utz Che&#039;" />
<meta property="article:modified_time" content="2020-09-29T04:49:13+00:00" />
<meta name="twitter:card" content="summary_large_image" />
<meta name="twitter:label1" content="Est. reading time" />
	<meta name="twitter:data1" content="1 minute" />
<script type="application/ld+json" class="yoast-schema-graph">{"@context":"https:\/\/schema.org","@graph":[{"@type":"WebPage","@id":"https:\/\/asociacionutzche.org\/empresa-campesina-asociativa-nuevo-todos-santos\/","url":"https:\/\/asociacionutzche.org\/empresa-campesina-asociativa-nuevo-todos-santos\/","name":"Empresa Campesina Asociativa Nuevo Todos Santos - Asociación Utz Che&#039;","isPartOf":{"@id":"https:\/\/asociacionutzche.org\/#website"},"datePublished":"2020-09-15T09:43:51+00:00","dateModified":"2020-09-29T04:49:13+00:00","breadcrumb":{"@id":"https:\/\/asociacionutzche.org\/empresa-campesina-asociativa-nuevo-todos-santos\/#breadcrumb"},"inLanguage":"en-US","potentialAction":[{"@type":"ReadAction","target":["https:\/\/asociacionutzche.org\/empresa-campesina-asociativa-nuevo-todos-santos\/"]}]},{"@type":"BreadcrumbList","@id":"https:\/\/asociacionutzche.org\/empresa-campesina-asociativa-nuevo-todos-santos\/#breadcrumb","itemListElement":[{"@type":"ListItem","position":1,"name":"Portada","item":"https:\/\/asociacionutzche.org\/"},{"@type":"ListItem","position":2,"name":"Empresa Campesina Asociativa Nuevo Todos Santos"}]},{"@type":"WebSite","@id":"https:\/\/asociacionutzche.org\/#website","url":"https:\/\/asociacionutzche.org\/","name":"Asociación Utz Che'","description":"Asociación de Forestería Comunitaria de Guatemala Utz Che&#039;","publisher":{"@id":"https:\/\/asociacionutzche.org\/#organization"},"potentialAction":[{"@type":"SearchAction","target":{"@type":"EntryPoint","urlTemplate":"https:\/\/asociacionutzche.org\/?s={search_term_string}"},"query-input":{"@type":"PropertyValueSpecification","valueRequired":true,"valueName":"search_term_string"}}],"inLanguage":"en-US"},{"@type":"Organization","@id":"https:\/\/asociacionutzche.org\/#organization","name":"Asociación Utz Che'","url":"https:\/\/asociacionutzche.org\/","logo":{"@type":"ImageObject","inLanguage":"en-US","@id":"https:\/\/asociacionutzche.org\/#\/schema\/logo\/image\/","url":"https:\/\/asociacionutzche.org\/wp-content\/uploads\/2013\/11\/logo_footer.png","contentUrl":"https:\/\/asociacionutzche.org\/wp-content\/uploads\/2013\/11\/logo_footer.png","width":200,"height":76,"caption":"Asociación Utz Che'"},"image":{"@id":"https:\/\/asociacionutzche.org\/#\/schema\/logo\/image\/"}}]}</script>
<!-- / Yoast SEO plugin. -->

Empresa Campesina Asociativa Nuevo Todos Santos - Asociación Utz Che&#039;

Asociación Utz Che&#039;

Asociación Utz Che'

Asociación de Forestería Comunitaria de Guatemala Utz Che&#039;
